{"id":2,"date":"2026-01-09T20:12:41","date_gmt":"2026-01-09T20:12:41","guid":{"rendered":"https:\/\/koba.se\/?page_id=2"},"modified":"2026-02-11T14:44:11","modified_gmt":"2026-02-11T14:44:11","slug":"film","status":"publish","type":"page","link":"https:\/\/koba.se\/index.php\/film\/","title":{"rendered":"Film."},"content":{"rendered":"\n<p style=\"margin-top:var(--wp--preset--spacing--80);margin-bottom:0;font-size:clamp(0.875rem, 0.875rem + ((1vw - 0.2rem) * 0.227), 1rem);\"><span style=\"text-decoration: underline;\">Fangst.<\/span><\/p>\n\n\n<div style=\"padding:56.25% 0 0 0;position:relative\"><iframe src=\"https:\/\/play.gumlet.io\/embed\/697df5c8ffc582b7d2cf2232?caption=true&#038;\" id=\"gumlet-2705810963\" loading=\"lazy\" title=\"Gumlet video player\" style=\"border:none; position: absolute; top:0; left:0; height: 100%; width: 100%;\" allow=\"accelerometer; gyroscope; autoplay; encrypted-media; picture-in-picture; fullscreen;\" frameborder=\"0\"><\/iframe><\/div>\n\n\n<p style=\"margin-top:var(--wp--preset--spacing--80);margin-bottom:0;font-size:clamp(0.875rem, 0.875rem + ((1vw - 0.2rem) * 0.227), 1rem);\"><span style=\"text-decoration: underline;\">Vinnaren tar allt. K Special. SVT<\/span>.<\/p>\n\n\n\n<div class=\"wp-block-group is-layout-grid wp-container-core-group-is-layout-988b637e wp-block-group-is-layout-grid\"><div style=\"padding:56.25% 0 0 0;position:relative\"><iframe src=\"https:\/\/play.gumlet.io\/embed\/697df785ffc582b7d2cf4e74?caption=true&#038;\" id=\"gumlet-3720458970\" loading=\"lazy\" title=\"Gumlet video player\" style=\"border:none; position: absolute; top:0; left:0; height: 100%; width: 100%;\" allow=\"accelerometer; gyroscope; autoplay; encrypted-media; picture-in-picture; fullscreen;\" frameborder=\"0\"><\/iframe><\/div>\n\n<div style=\"padding:56.25% 0 0 0;position:relative\"><iframe src=\"https:\/\/play.gumlet.io\/embed\/697df785ffc582b7d2cf4e7c?caption=true&#038;\" id=\"gumlet-2125597437\" loading=\"lazy\" title=\"Gumlet video player\" style=\"border:none; position: absolute; top:0; left:0; height: 100%; width: 100%;\" allow=\"accelerometer; gyroscope; autoplay; encrypted-media; picture-in-picture; fullscreen;\" frameborder=\"0\"><\/iframe><\/div>\n\n<div style=\"padding:56.25% 0 0 0;position:relative\"><iframe src=\"https:\/\/play.gumlet.io\/embed\/697df785282b61e5db1e00ad?caption=true&#038;\" id=\"gumlet-2230218019\" loading=\"lazy\" title=\"Gumlet video player\" style=\"border:none; position: absolute; top:0; left:0; height: 100%; width: 100%;\" allow=\"accelerometer; gyroscope; autoplay; encrypted-media; picture-in-picture; fullscreen;\" frameborder=\"0\"><\/iframe><\/div>\n\n\n<p class=\"wp-container-content-2155ee95\" style=\"margin-top:-15px;font-size:clamp(0.875rem, 0.875rem + ((1vw - 0.2rem) * 0.227), 1rem);\">Klipp 1: \u00c4rtsoppa.<\/p>\n\n\n\n<p style=\"margin-top:-15px;font-size:clamp(0.875rem, 0.875rem + ((1vw - 0.2rem) * 0.227), 1rem);\">Klipp 2: Sv\u00e5rt med demokrati.<\/p>\n\n\n\n<p class=\"wp-container-content-2155ee95\" style=\"margin-top:-15px;font-size:clamp(0.875rem, 0.875rem + ((1vw - 0.2rem) * 0.227), 1rem);\">Klipp 3: Blodet ska flyta.<\/p>\n\n\n<div style=\"padding:56.25% 0 0 0;position:relative\"><iframe src=\"https:\/\/play.gumlet.io\/embed\/697df785282b61e5db1e00af?caption=true&#038;\" id=\"gumlet-3262060770\" loading=\"lazy\" title=\"Gumlet video player\" style=\"border:none; position: absolute; top:0; left:0; height: 100%; width: 100%;\" allow=\"accelerometer; gyroscope; autoplay; encrypted-media; picture-in-picture; fullscreen;\" frameborder=\"0\"><\/iframe><\/div>\n\n<div style=\"padding:56.25% 0 0 0;position:relative\"><iframe src=\"https:\/\/play.gumlet.io\/embed\/697df785ffc582b7d2cf4e7e?caption=true&#038;\" id=\"gumlet-2447613688\" loading=\"lazy\" title=\"Gumlet video player\" style=\"border:none; position: absolute; top:0; left:0; height: 100%; width: 100%;\" allow=\"accelerometer; gyroscope; autoplay; encrypted-media; picture-in-picture; fullscreen;\" frameborder=\"0\"><\/iframe><\/div>\n\n<div style=\"padding:56.25% 0 0 0;position:relative\"><iframe src=\"https:\/\/play.gumlet.io\/embed\/697df785ffc582b7d2cf4e76?caption=true&#038;\" id=\"gumlet-4112948967\" loading=\"lazy\" title=\"Gumlet video player\" style=\"border:none; position: absolute; top:0; left:0; height: 100%; width: 100%;\" allow=\"accelerometer; gyroscope; autoplay; encrypted-media; picture-in-picture; fullscreen;\" frameborder=\"0\"><\/iframe><\/div>\n\n\n<p class=\"wp-container-content-2155ee95\" style=\"margin-top:-15px;font-size:clamp(0.875rem, 0.875rem + ((1vw - 0.2rem) * 0.227), 1rem);\">Klipp 4: D\u00e5rarna.<\/p>\n\n\n\n<p class=\"wp-container-content-2155ee95\" style=\"margin-top:-15px;font-size:clamp(0.875rem, 0.875rem + ((1vw - 0.2rem) * 0.227), 1rem);\">Klipp 5: F\u00f6rstag\u00e5ngsv\u00e4ljare.<\/p>\n\n\n\n<p class=\"wp-container-content-2155ee95\" style=\"margin-top:-15px;font-size:clamp(0.875rem, 0.875rem + ((1vw - 0.2rem) * 0.227), 1rem);\">Klipp 6: K\u00f6p Maj.<\/p>\n<\/div>\n\n\n\n<p style=\"margin-top:var(--wp--preset--spacing--80);margin-bottom:0;font-size:clamp(0.875rem, 0.875rem + ((1vw - 0.2rem) * 0.227), 1rem);\"><span style=\"text-decoration: underline;\">Ibland t\u00e4nker jag att du tror att jag alltid kommer att vara h\u00e4r.<\/span><\/p>\n\n\n<div style=\"padding:56.25% 0 0 0;position:relative\"><iframe src=\"https:\/\/play.gumlet.io\/embed\/697df699ffc582b7d2cf37a2?caption=true&#038;\" id=\"gumlet-4281936100\" loading=\"lazy\" title=\"Gumlet video player\" style=\"border:none; position: absolute; top:0; left:0; height: 100%; width: 100%;\" allow=\"accelerometer; gyroscope; autoplay; encrypted-media; picture-in-picture; fullscreen;\" frameborder=\"0\"><\/iframe><\/div>\n\n\n<p style=\"margin-top:var(--wp--preset--spacing--80);margin-bottom:0;font-size:clamp(0.875rem, 0.875rem + ((1vw - 0.2rem) * 0.227), 1rem);\"><span style=\"text-decoration: underline;\">Never forget we met @ Internet.<\/span><\/p>\n\n\n<div style=\"padding:56.25% 0 0 0;position:relative\"><iframe src=\"https:\/\/play.gumlet.io\/embed\/69678daeb25141dfa4cd62af?caption=true&#038;\" id=\"gumlet-2379362741\" loading=\"lazy\" title=\"Gumlet video player\" style=\"border:none; position: absolute; top:0; left:0; height: 100%; width: 100%;\" allow=\"accelerometer; gyroscope; autoplay; encrypted-media; picture-in-picture; fullscreen;\" frameborder=\"0\"><\/iframe><\/div>\n\n\n<p style=\"margin-top:var(--wp--preset--spacing--80);margin-bottom:0;font-size:clamp(0.875rem, 0.875rem + ((1vw - 0.2rem) * 0.227), 1rem);\"><span style=\"text-decoration: underline;\">Hi! Pizza? Hello! Taco!<\/span><\/p>\n\n\n<div style=\"padding:56.25% 0 0 0;position:relative\"><iframe src=\"https:\/\/play.gumlet.io\/embed\/696a5c14828f3379e54642e7?caption=true&#038;\" id=\"gumlet-1323497009\" loading=\"lazy\" title=\"Gumlet video player\" style=\"border:none; position: absolute; top:0; left:0; height: 100%; width: 100%;\" allow=\"accelerometer; gyroscope; autoplay; encrypted-media; picture-in-picture; fullscreen;\" frameborder=\"0\"><\/iframe><\/div>\n\n\n<p style=\"margin-top:var(--wp--preset--spacing--80);margin-bottom:0;font-size:clamp(0.875rem, 0.875rem + ((1vw - 0.2rem) * 0.227), 1rem);\"><span style=\"text-decoration: underline;\">Lott.<\/span><\/p>\n\n\n<div style=\"padding:56.25% 0 0 0;position:relative\"><iframe src=\"https:\/\/play.gumlet.io\/embed\/696aac810de908dc609cde87?caption=true&#038;\" id=\"gumlet-4012920884\" loading=\"lazy\" title=\"Gumlet video player\" style=\"border:none; position: absolute; top:0; left:0; height: 100%; width: 100%;\" allow=\"accelerometer; gyroscope; autoplay; encrypted-media; picture-in-picture; fullscreen;\" frameborder=\"0\"><\/iframe><\/div>","protected":false},"excerpt":{"rendered":"<p>Fangst. Vinnaren tar allt. K Special. SVT. Klipp 1: \u00c4rtsoppa. Klipp 2: Sv\u00e5rt med demokrati. Klipp 3: Blodet ska flyta. Klipp 4: D\u00e5rarna. Klipp 5: F\u00f6rstag\u00e5ngsv\u00e4ljare. Klipp 6: K\u00f6p Maj. Ibland t\u00e4nker jag att du tror att jag alltid kommer att vara h\u00e4r. Never forget we met @ Internet. Hi! Pizza? Hello! Taco! Lott.<\/p>\n","protected":false},"author":1,"featured_media":0,"parent":0,"menu_order":1,"comment_status":"closed","ping_status":"closed","template":"","meta":{"footnotes":""},"class_list":["post-2","page","type-page","status-publish","hentry"],"_links":{"self":[{"href":"https:\/\/koba.se\/index.php\/wp-json\/wp\/v2\/pages\/2","targetHints":{"allow":["GET"]}}],"collection":[{"href":"https:\/\/koba.se\/index.php\/wp-json\/wp\/v2\/pages"}],"about":[{"href":"https:\/\/koba.se\/index.php\/wp-json\/wp\/v2\/types\/page"}],"author":[{"embeddable":true,"href":"https:\/\/koba.se\/index.php\/wp-json\/wp\/v2\/users\/1"}],"replies":[{"embeddable":true,"href":"https:\/\/koba.se\/index.php\/wp-json\/wp\/v2\/comments?post=2"}],"version-history":[{"count":50,"href":"https:\/\/koba.se\/index.php\/wp-json\/wp\/v2\/pages\/2\/revisions"}],"predecessor-version":[{"id":213,"href":"https:\/\/koba.se\/index.php\/wp-json\/wp\/v2\/pages\/2\/revisions\/213"}],"wp:attachment":[{"href":"https:\/\/koba.se\/index.php\/wp-json\/wp\/v2\/media?parent=2"}],"curies":[{"name":"wp","href":"https:\/\/api.w.org\/{rel}","templated":true}]}}